{"id":59,"date":"2015-03-25T10:59:32","date_gmt":"2015-03-25T08:59:32","guid":{"rendered":"http:\/\/hith.net\/wordpress\/?page_id=59"},"modified":"2016-07-01T00:26:11","modified_gmt":"2016-06-30T22:26:11","slug":"discography","status":"publish","type":"page","link":"http:\/\/hith.net\/wordpress\/discography\/","title":{"rendered":"DISCOGRAPHY"},"content":{"rendered":"<p><a href=\"http:\/\/hith.net\/wordpress\/wp-content\/uploads\/2015\/03\/holeinthehead_primitivelove_hires.jpeg\"><img decoding=\"async\" loading=\"lazy\" class=\"alignnone wp-image-10\" src=\"http:\/\/hith.net\/wordpress\/wp-content\/uploads\/2015\/03\/holeinthehead_primitivelove_hires.jpeg\" alt=\"holeinthehead_primitivelove_hires\" width=\"400\" height=\"356\" \/><\/a><\/p>\n<p><strong>Primitive love \u2013 cd<\/strong> ( Sasse &amp; Andy Productions, 2015)<\/p>\n<p style=\"padding-left: 30px;\">01. Out of Hands<br \/>\n02. Bad Luck Driver<br \/>\n03. The Night Walk<br \/>\n04. Let Me Be Your Heartbeat<br \/>\n05. Vintage Kind of Fever<br \/>\n06. Rude Boy Blues<br \/>\n07. Lonely Wolf<br \/>\n08. Knock Out Boogie<br \/>\n09. Wolf Girl<br \/>\n10. Bondage Love<\/p>\n<p style=\"padding-left: 30px;\"><em>Line-up: Sasse, Andy, Turkka Parviainen &#8211;\u00a0upright bass, Pekka Laasanen &#8211;\u00a0drums and\u00a0\u00a0featuring Kyl\u00e4p\u00e4\u00e4llikk\u00f6 Kosonen &#8211;\u00a0saxophone &amp; percussions.<\/em><\/p>\n<p><img decoding=\"async\" loading=\"lazy\" class=\"alignnone size-full wp-image-65\" src=\"http:\/\/hith.net\/wordpress\/wp-content\/uploads\/2015\/03\/holeinthehead_troublecrui.gif\" alt=\"holeinthehead_troublecrui\" width=\"165\" height=\"165\" \/><\/p>\n<p><strong>Trouble Cruiser 7\u201d-ep<\/strong> (Legal Records, 2003) SOLD OUT!<\/p>\n<p style=\"padding-left: 30px;\">1. Pick Me Up (You&#8217;ve Gotta)<br \/>\n2. Holehead Stomp<br \/>\n3. Out of Hands<br \/>\n4. Trouble Cruiser<\/p>\n<p style=\"padding-left: 30px;\"><em>Line-up: Sasse, Riku Hakala &#8211;\u00a0bass &amp; Pekka Laasanen &#8211;\u00a0drums. <\/em><\/p>\n<p><img decoding=\"async\" loading=\"lazy\" class=\"alignnone size-full wp-image-67\" src=\"http:\/\/hith.net\/wordpress\/wp-content\/uploads\/2015\/03\/holeinthehead_tornadoride.gif\" alt=\"holeinthehead_tornadoride\" width=\"165\" height=\"165\" \/><\/p>\n<p><strong>Tornado Ride 7\u201d-ep<\/strong> \u00a0(Legal Records, 2000) SOLD OUT!<\/p>\n<p style=\"padding-left: 30px;\">1. The Highest Level of Nothing<br \/>\n2. Bowler<br \/>\n3. Ready, Steady, Go!<br \/>\n4. Redneck Rock<\/p>\n<p style=\"padding-left: 30px;\">Line-up: Sasse, Riku Hakala &#8211;\u00a0bass, Jani Korhonen &#8211;\u00a0drums &amp; Niko Ikonen &#8211;\u00a0guitar.<\/p>\n<p>&nbsp;<\/p>\n<h2>Hole in the Head at Youtube:<\/h2>\n<p><iframe loading=\"lazy\" width=\"1200\" height=\"675\" src=\"https:\/\/www.youtube.com\/embed\/rmxRPrHpR3k?feature=oembed\" frameborder=\"0\" allowfullscreen><\/iframe><\/p>\n<p><iframe loading=\"lazy\" src=\"https:\/\/www.youtube.com\/embed\/-c2u8Ll6_aw\" width=\"560\" height=\"315\" frameborder=\"0\" allowfullscreen=\"allowfullscreen\"><\/iframe><br \/>\n<iframe loading=\"lazy\" src=\"https:\/\/www.youtube.com\/embed\/TK3BoIsETU4\" width=\"560\" height=\"315\" frameborder=\"0\" allowfullscreen=\"allowfullscreen\"><\/iframe><\/p>\n","protected":false},"excerpt":{"rendered":"<p>Primitive love \u2013 cd ( Sasse &amp; Andy Productions, 2015) 01. Out of Hands 02. Bad Luck Driver 03. The Night Walk 04. Let Me Be Your Heartbeat 05. Vintage Kind of Fever 06. Rude Boy Blues 07. Lonely Wolf 08. Knock Out Boogie 09. Wolf Girl 10. Bondage Love Line-up: Sasse, Andy, Turkka Parviainen &#8230; <a class=\"read-more\" href=\"http:\/\/hith.net\/wordpress\/discography\/\">Read more&#8230;<\/a><\/p>\n","protected":false},"author":1,"featured_media":0,"parent":0,"menu_order":0,"comment_status":"closed","ping_status":"closed","template":"","meta":[],"_links":{"self":[{"href":"http:\/\/hith.net\/wordpress\/wp-json\/wp\/v2\/pages\/59"}],"collection":[{"href":"http:\/\/hith.net\/wordpress\/wp-json\/wp\/v2\/pages"}],"about":[{"href":"http:\/\/hith.net\/wordpress\/wp-json\/wp\/v2\/types\/page"}],"author":[{"embeddable":true,"href":"http:\/\/hith.net\/wordpress\/wp-json\/wp\/v2\/users\/1"}],"replies":[{"embeddable":true,"href":"http:\/\/hith.net\/wordpress\/wp-json\/wp\/v2\/comments?post=59"}],"version-history":[{"count":8,"href":"http:\/\/hith.net\/wordpress\/wp-json\/wp\/v2\/pages\/59\/revisions"}],"predecessor-version":[{"id":304,"href":"http:\/\/hith.net\/wordpress\/wp-json\/wp\/v2\/pages\/59\/revisions\/304"}],"wp:attachment":[{"href":"http:\/\/hith.net\/wordpress\/wp-json\/wp\/v2\/media?parent=59"}],"curies":[{"name":"wp","href":"https:\/\/api.w.org\/{rel}","templated":true}]}}